20)*5. Suppose 0 = 2*o - 5*h + 8*h - 2452, 5*o = -h + a. Is o a composite number?
False
Let f = -73 + 4203. Suppose 94 - f = -4*t. Is t prime?
True
Is (11/22)/((-3)/(-331458)) prime?
True
Suppose 0 = -2*s - 2*s. Let z(p) = 35*p - 8. Let n be z(2). Suppose s = -11*d + 9*d + n. Is d a composite number?
False
Suppose 1 = 3*y - q - q, 4*y = q + 8. Let g be (-36068)/(-6) + (-7)/y + 3. Suppose 727 = -5*m + g. Is m composite?
True
Let i(a) = -2*a**2 - 24*a + 3. Let c be i(-12). Suppose 8009 = c*f - 4*s, -s + 2666 = -4*f + 13349. Is f a prime number?
True
Suppose 5*p + 3*j = 142332 + 222028, -5*j = 2*p - 145763. Is p composite?
False
Let v(u) = -3*u**3 - 2*u**2 + 10*u - 10. Suppose 92*h - 171 = 89*h. Let m = 50 - h. Is v(m) a composite number?
True
Suppose -78*k + 7887734 = -9*k + 5*k. Is k a composite number?
False
Suppose -34*u + 102*u - 549270 = 103462. Is u a prime number?
False
Let p be 3/(108/(-220)) + (-4)/(-36). Is (-2)/(-14) - ((-8604)/42 + p) composite?
False
Suppose -15*o + 37636 = -50159. Suppose 0 = 65*s - 68*s + o. Is s a prime number?
True
Suppose 887480 = 41*s - 1052927. Is s composite?
True
Suppose 9*t - t - 5*t = 0. Let v be (t - (-2)/(-8)) + 7047/12. Suppose -3*k + 1761 = 3*q, -q + 4*k + v = k. Is q prime?
True
Let j(v) = v**3 + 217*v**2 - 355*v + 431. Is j(-204) composite?
True
Let x(s) be the third derivative of 11*s**5/20 + 5*s**4/24 + 3*s**3/2 + 28*s**2 - s. Is x(10) prime?
True
Suppose 0 = -2*u + 5*c + 32637, 27*u - 31*u - c + 65285 = 0. Is u composite?
True
Is ((-2283328)/512)/(2/(-32)) a prime number?
False
Let t(j) = -j**3 + 7*j**2 - 3*j - 14. Let z be t(6). Let c(d) = 22*d**2 + 11*d + 4. Let p be c(z). Let m = -267 + p. Is m a prime number?
False
Suppose 5425 = 4*u + 5*a, -5*u - 36*a + 35*a = -6776. Is u composite?
True
Let z = 2 - 0. Let k be (56/(-210))/((-24)/180). Suppose q - 4*v + 10 = 1, z*q - 4*v = k. Is q a prime number?
True
Let y be 14*994 + (-3 - 0). Let u = y - 7315. Is u a composite number?
True
Let l(x) = 712*x**2 + 8*x - 31. Let k = 286 + -283. Is l(k) composite?
True
Let w(m) = 24*m - 72. Let p be w(3). Suppose -193 = 5*s - a - 1447, p = -3*s - 2*a + 755. Is s a composite number?
False
Suppose -37*l = -44*l - 147. Let t be (-2 + l/(-3))*(-4 - -3). Is (t - (-3312)/3) + 1 + -1 a prime number?
False
Let u = 9282 - 4042. Let k = 8731 - u. Is k composite?
False
Let h(y) be the first derivative of 286*y**3/3 - y**2/2 - y + 15. Let o be h(2). Let a = 2118 - o. Is a composite?
False
Suppose -o - 2*o - 2090432 = -23*v, 0 = -5*v - o + 454450. Is v a prime number?
False
Suppose 24*h - 2661715 + 215382 = 962123. Is h a composite number?
False
Suppose -2*u + 1 = -1. Let y be (156/28)/3 + u/7. Suppose -y*k = -3*i - 1129, -3*k - 572 = -4*k + 3*i. Is k a prime number?
True
Let n(x) be the third derivative of -x**6/20 + x**4/2 + 35*x**3/6 - 63*x**2. Is n(-8) composite?
False
Let k = -24 + 113. Suppose -93*p + 18484 = -k*p. Is p a composite number?
False
Let d be (-46)/(-2) - (-1 - -1). Suppose d*n - 785 = 18*n. Is n a composite number?
False
Suppose 5*a - 2*q = -6*q - 21, 0 = 5*a - 2*q - 3. Let b be 171/(-38)*(-2)/a. Is 6/9 + (-867)/b composite?
False
Let s = -320 + 1057. Let c = 2536 - s. Is c a prime number?
False
Let r(g) = 4*g + 83. Let z be r(-28). Is 1*-1*(z - 1344) a prime number?
True
Let n be (-4)/(-8)*(1 + -1). Suppose -38*k + 41*k - 1437 = n. Suppose 2*t + k = 2437. Is t a composite number?
True
Suppose 0 = 136*b - 60*b - 48912004. Is b a composite number?
True
Let y(s) = 205*s - 93. Suppose -10*g + 15*g - 70 = 0. Is y(g) prime?
True
Let z(h) = 5304*h**2 + 48*h + 163. Is z(-5) a prime number?
True
Let f = 114840 - 68321. Is f a composite number?
True
Let m(v) = -11*v**3 - 21*v**2 + 56*v - 47. Is m(-19) composite?
True
Suppose 3*h - 8*m = -10*m + 258923, 15*h - 1294650 = -3*m. Is h a prime number?
True
Let f(d) = -106*d**3 + 2*d + 2. Let o(s) = -3*s - 28. Let p be o(-9). Is f(p) composite?
True
Let y be (-73)/2 - 4/(-8). Let i = 46 + y. Is i/(-15) - (-8384)/12 composite?
True
Suppose -11*d - 33 + 0 = 0. Let u(z) = 145*z**2 + 8*z + 13. Is u(d) a composite number?
True
Let v(x) = -5*x - 12. Let w be v(-3). Suppose -w*c - 66 = 8*c. Is (-33110)/c - (-34)/51 a prime number?
True
Suppose -4220268 = -95*t - 561721 + 199878. Is t composite?
True
Let f(u) = -39*u**2 + 2*u + 34. Let m(l) = 20*l**2 - l - 17. Let q(g) = -3*f(g) - 5*m(g). Is q(6) composite?
True
Let r be 8/3*9/((-3)/(-1)). Suppose -5*i = r + 42. Let t(a) = -a**3 - 7*a**2 - 5*a - 13. Is t(i) a prime number?
True
Suppose -9*v - 13 = 14. Let m be ((-2)/3)/(v/9). Let q(d) = 161*d**3 - 2*d**2 + 5*d - 7. Is q(m) a prime number?
True
Let h(b) = 2*b + 8612. Let v(f) = -f**2 - f. Let a be v(-1). Let j be h(a). Is j/(-6)*((-9)/2)/3 a composite number?
False
Is 6 + 3021095/25 - (-12)/10 a prime number?
True
Suppose 2*t - 6*t + 76 = 0. Suppose 4*h = -d + 17061, -4*d + 1 = -t. Let s = h - 2463. Is s composite?
False
Let z = -867 - -867. Suppose 7*q - 935 = 2*q. Suppose 2*m - q - 1079 = z. Is m a prime number?
False
Suppose 0 = -c - 4, -5*q + 5*c = -1 - 34. Suppose 31293 = 3*h - 0*h + q*t, 31273 = 3*h - 2*t. Is h a prime number?
True
Suppose -10 - 2 = -6*z. Suppose -z*k + 0*k = b - 32, -5*b = -k - 171. Suppose p + b - 985 = 0. Is p a prime number?
False
Let d(t) = -3*t**3 - 7*t**2 + t - 6. Let r(a) = -3*a - 37. Let k be r(-12). Let v be -2 - (k + 6) - 0. Is d(v) a composite number?
False
Suppose 18 = 8*k - 6*k. Suppose -11*o = -k*o - 12. Suppose -5*d + o*d = 1555. Is d a prime number?
False
Let m(c) = -c**3 - 4*c**2 - 2*c - 188. Let j(q) = 10*q**2 - 7*q**2 + 8*q**2 + 0*q + 5*q + 565 + 3*q**3. Let o(n) = 3*j(n) + 8*m(n). Is o(0) composite?
False
Suppose -i - 17*m + 2013441 = -21*m, 16 = 4*m. Is i a composite number?
False
Let y(c) = c**3 + 18*c**2 - 27*c - 39. Let f(o) = -o**2 + o + 8 - 8 + 0*o + 1. Let q(k) = -6*f(k) - y(k). Is q(-17) prime?
False
Let v(w) = -39*w + 5*w - 16*w + 183 - 32*w. Is v(-8) prime?
True
Let i(h) = 883*h + 43. Let s(w) = w**3 - 17*w**2 + 30*w + 18. Let d be s(15). Is i(d) a composite number?
False
Let j(l) = 9564*l + 1327. Is j(8) a composite number?
False
Let t(c) = 3*c**3 + 11*c**2 - 9*c - 6. Suppose 0 = 5*a - 10*a + 55. Is t(a) a composite number?
True
Let d(y) = 10*y**2 + 17*y - 17. Let n be d(-15). Let s = 3350 - n. Suppose 4*p = -b + 1821, 0*p + 3*p + 2*b = s. Is p a prime number?
False
Suppose -b = -19 + 1. Let x be 117112/36 - 2/b. Suppose -3*k = 574 - x. Is k a composite number?
True
Let u(c) = 10*c**2 + 9*c + 5. Let y(r) = -4*r - 4. Let n be y(-2). Let p be u(n). Suppose 1242 = 3*f + p. Is f a composite number?
False
Suppose -47*k - 20264294 + 77535345 = 0. Is k prime?
True
Let a be (14441 - -4) + -2 - -1. Suppose -4*c = -a + 88. Is c a composite number?
True
Suppose 5*r = 20, -5*n - 11*r - 4345 = -16*r. Let t = n + 1914. Is t a prime number?
True
Let l(q) = -1566*q + 23. Suppose h - 5*u = 5*h + 37, 5*h + 2*u + 25 = 0. Is l(h) a composite number?
False
Let w = 398565 + 77396. Is w composite?
True
Let r(q) = 437*q**2 + 7*q - 7. Let h be r(-8). Let t(l) = 47*l**2 - 16*l + 14. Let d be t(1). Suppose d*c + h = 50*c. Is c composite?
False
Let y be (-45361 - -1) + (-4)/28*0. Let a be (-4)/10 + y/(-25) + 0. Is (a/6)/(4/12) a prime number?
True
Let j(t) = 2*t**3 + t + 2352. Let g be j(0). Suppose 2*y = p + 469, -5*p = -0*p - 3*y + g. Let c = -220 - p. Is c a prime number?
True
Suppose 1443*u = 1436*u - 91. Let v(d) = 62*d**2 - d + 20. Is v(u) composite?
True
Suppose -2*n + 14 = -n. Let a be 24/84 - 2034/n. Is 2 - (-3 - -5) - a prime?
False
Suppose -2945 = -p + 4*i, -3*p - 2*i = -7*p + 11780. Let c = p + -1507. Is (5 + -4)*(-6)/(-2) + c prime?
False
Suppose -o - 35*o + 3020455 = -640061. Is o prime?
True
Suppose 0 = -2*j + j. Suppose -o + 1 = j, 3*u - 3*o + 71 = -u. Let d = 102 + u. Is d a prime number?
False
Let n(t) = -6*t + 52. Let x be n(8). Is 15190/(10 + -3) + x*1 composite?
True
Let f(u) be the first derivative of 223*u**4/4 - u**3 - 3*u**2/2 + 3*u + 144. Is f(2) a composite number?
True
Let g(c) = 2*c**2 - 10*c + 9. Let l(u) = u**2 - 1. Let r(n) = g(n) - 3*l(n). Let k be r(-11). Let i(o) = 800*o - 3. Is i(k) prime?
True
Is (1302/315)/31 + (-1537063)/(-15) composite?
True
Suppose -3*l - 2*l - 5*v = -28630, 17184 = 3*l + 5*v. Is l a prime 